the remainder when 127 is divided by 5?
2
Calculate the remainder when 931 is divided by 304.
19
Calculate the remainder when 1397 is divided by 138.
17
What is the remainder when 17514 is divided by 58?
56
What is the remainder when 545 is divided by 135?
5
Calculate the remainder when 259 is divided by 101.
57
What is the remainder when 1624 is divided by 173?
67
What is the remainder when 129 is divided by 46?
37
What is the remainder when 287 is divided by 72?
71
What is the remainder when 2097 is divided by 9?
0
Calculate the remainder when 355 is divided by 51.
49
What is the remainder when 256 is divided by 164?
92
What is the remainder when 486 is divided by 89?
41
Calculate the remainder when 46 is divided by 25.
21
Calculate the remainder when 344 is divided by 6.
2
Calculate the remainder when 1315 is divided by 433.
16
What is the remainder when 53 is divided by 36?
17
What is the remainder when 3790 is divided by 200?
190
What is the remainder when 1198 is divided by 17?
8
What is the remainder when 3318 is divided by 41?
38
Calculate the remainder when 400 is divided by 11.
4
Calculate the remainder when 1168 is divided by 37.
21
Calculate the remainder when 38 is divided by 6.
2
What is the remainder when 3943 is divided by 10?
3
Calculate the remainder when 35 is divided by 18.
17
Calculate the remainder when 10585 is divided by 79.
78
Calculate the remainder when 94 is divided by 35.
24
Calculate the remainder when 892 is divided by 88.
12
Calculate the remainder when 345 is divided by 26.
7
Calculate the remainder when 64 is divided by 26.
12
Calculate the remainder when 304 is divided by 44.
40
Calculate the remainder when 136 is divided by 71.
65
Calculate the remainder when 125 is divided by 21.
20
What is the remainder when 2170 is divided by 167?
166
What is the remainder when 393 is divided by 53?
22
Calculate the remainder when 163 is divided by 77.
9
Calculate the remainder when 730 is divided by 261.
208
Calculate the remainder when 237 is divided by 60.
57
Calculate the remainder when 147 is divided by 65.
17
Calculate the remainder when 1656 is divided by 1649.
7
Calculate the remainder when 134 is divided by 17.
15
Calculate the remainder when 58 is divided by 9.
4
What is the remainder when 1840 is divided by 919?
2
What is the remainder when 45 is divided by 29?
16
What is the remainder when 138 is divided by 36?
30
What is the remainder when 1730 is divided by 51?
47
Calculate the remainder when 38 is divided by 6.
2
Calculate the remainder when 1621 is divided by 7.
4
Calculate the remainder when 630 is divided by 93.
72
Calculate the remainder when 125 is divided by 7.
6
Calculate the remainder when 279 is divided by 41.
33
What is the remainder when 1795 is divided by 110?
35
What is the remainder when 694 is divided by 34?
14
What is the remainder when 328 is divided by 51?
22
Calculate the remainder when 17 is divided by 7.
3
Calculate the remainder when 193 is divided by 66.
61
Calculate the remainder when 32 is divided by 6.
2
What is the remainder when 1518 is divided by 31?
30
What is the remainder when 68 is divided by 44?
24
What is the remainder when 315 is divided by 134?
47
What is the remainder when 7386 is divided by 9?
6
Calculate the remainder when 185 is divided by 47.
44
Calculate the remainder when 56 is divided by 21.
14
What is the remainder when 50 is divided by 11?
6
Calculate the remainder when 2311 is divided by 89.
86
What is the remainder when 61 is divided by 9?
7
What is the remainder when 75 is divided by 23?
6
What is the remainder when 3887 is divided by 16?
15
Calculate the remainder when 671 is divided by 96.
95
Calculate the remainder when 795 is divided by 14.
11
Calculate the remainder when 102 is divided by 8.
6
Calculate the remainder when 401 is divided by 15.
11
Calculate the remainder when 1266 is divided by 188.
138
Calculate the remainder when 397 is divided by 328.
69
Calculate the remainder when 629 is divided by 7.
6
What is the remainder when 1107 is divided by 1101?
6
Calculate the remainder when 95 is divided by 86.
9
Calculate the remainder when 1269 is divided by 17.
11
Calculate the remainder when 101 is divided by 54.
47
What is the remainder when 3596 is divided by 16?
12
Calculate the remainder when 339 is divided by 17.
16
Calculate the remainder when 450 is divided by 57.
51
What is the remainder when 8877 is divided by 423?
417
Calculate the remainder when 567 is divided by 71.
70
Calculate the remainder when 144 is divided by 101.
43
What is the remainder when 228 is divided by 7?
4
What is the remainder when 283 is divided by 27?
13
What is the remainder when 395 is divided by 114?
53
What is the remainder when 35 is divided by 13?
9
What is the remainder when 79 is divided by 48?
31
What is the remainder when 547 is divided by 61?
59
Calculate the remainder when 996 is divided by 111.
108
Calculate the remainder when 47 is divided by 32.
15
Calculate the remainder when 878 is divided by 234.
176
What is the remainder when 145 is divided by 21?
19
What is the remainder when 1278 is divided by 106?
6
What is the remainder when 143 is divided by 23?
5
Calculate the remainder when 434 is divided by 52.
18
Calculate the remainder when 437 is divided by 26.
21
Calculate the remainder when 311 is divided by 52.
51
What is the remainder when 140 is divided by 56?
28
What is the remainder when 481 is divided by 122?
115
What is the remainder when 66 is divided by 47?
19
Calculate the remainder when 137 is divided by 7.
4
What is the remainder when 221 is divided by 27?
5
Calculate the remainder when 509 is divided by 103.
97
Calculate the remainder when 3195 is divided by 11.
5
Calculate the remainder when 252 is divided by 41.
6
Calculate the remainder when 675 is divided by 330.
15
What is the remainder when 193 is divided by 26?
11
What is the remainder when 1716 is divided by 243?
15
Calculate the remainder when 359 is divided by 25.
9
Calculate the remainder when 403 is divided by 29.
26
Calculate the remainder when 17 is divided by 6.
5
Calculate the remainder when 37 is divided by 8.
5
Calculate the remainder when 5065 is divided by 17.
16
What is the remainder when 75 is divided by 21?
12
What is the remainder when 5219 is divided by 58?
57
Calculate the remainder when 720 is divided by 5.
0
What is the remainder when 118 is divided by 21?
13
What is the remainder when 990 is divided by 245?
10
Calculate the remainder when 1262 is divided by 419.
5
Calculate the remainder when 237 is divided by 17.
16
What is the remainder when 272 is divided by 59?
36
Calculate the remainder when 68 is divided by 43.
25
Calculate the remainder when 392 is divided by 18.
14
What is the remainder when 9347 is divided by 246?
245
Calculate the remainder when 121 is divided by 88.
33
Calculate the remainder when 926 is divided by 29.
27
What is the remainder when 4875 is divided by 212?
211
What is the remainder when 219 is divided by 21?
9
Calculate the remainder when 10222 is divided by 330.
322
What is the remainder when 214 is divided by 54?
52
What is the remainder when 45 is divided by 12?
9
What is the remainder when 843 is divided by 9?
6
Calculate the remainder when 1589 is divided by 1583.
6
What is the remainder when 154 is divided by 80?
74
Calculate the remainder when 161 is divided by 55.
51
What is the remainder when 477 is divided by 70?
57
What is the remainder when 5066 is divided by 13?
9
Calculate the remainder when 773 is divided by 86.
85
Calculate the remainder when 61 is divided by 7.
5
What is the remainder when 1753 is divided by 70?
3
Calculate the remainder when 656 is divided by 11.
7
Calculate the remainder when 6631 is divided by 82.
71
What is the remainder when 23 is divided by 5?
3
What is the remainder when 589 is divided by 163?
100
Calculate the remainder when 189 is divided by 97.
92
What is the remainder when 94 is divided by 70?
24
Calculate the remainder when 1347 is divided by 18.
15
Calculate the remainder when 243 is divided by 59.
7
What is the remainder when 120 is divided by 14?
8
Calculate the remainder when 1729 is divided by 169.
39
What is the remainder when 146 is divided by 51?
44
What is the remainder when 219 